{"id":1496,"date":"2011-12-13T18:37:02","date_gmt":"2011-12-13T17:37:02","guid":{"rendered":"http:\/\/www.planete-flop.fr\/blog\/?page_id=1496"},"modified":"2011-12-22T16:01:31","modified_gmt":"2011-12-22T15:01:31","slug":"theme-pour-piwigo-pure_freaky","status":"publish","type":"page","link":"https:\/\/www.planete-flop.fr\/blog\/theme-pour-piwigo-pure_freaky\/","title":{"rendered":"Th\u00e8me pour Piwigo : Pure_freaky"},"content":{"rendered":"<p>[fr]<\/p>\n<h1>Description<\/h1>\n<p><strong>Ce th\u00e8me est un th\u00e8me enfant de Pure_default<\/strong>.<\/p>\n<p>Les th\u00e8mes Pure_* se distinguent par leurs bordures tr\u00e8s travaill\u00e9es.<\/p>\n<p>Ainsi le menu de Pure_freaky h\u00e9rite d&#8217;un design tout en rondeur : des coins arrondis, donnant un aspect de bulle.<\/p>\n<p>Les blocs de contenu principaux sont comme encadr\u00e9 d&#8217;or, et les menus ont un cadre bleu.<\/p>\n<p>Il s&#8217;agit d&#8217;un concept, un d\u00e9lire perso \u00e0 la base.<\/p>\n<p>Il g\u00e8re toutes tailles de miniatures et m\u00eame le multi-taille.<\/p>\n<p>[demo_bouton nom_id=&#8221;Pure_freaky&#8221;]<\/p>\n<p><strong>Rappel : il n\u00e9cessite <\/strong><strong> Pure_default <\/strong><strong>!<\/strong><\/p>\n<p>[utilisez forum]<\/p>\n<p><strong> <\/strong>[\/fr]<\/p>\n<p>[en]<\/p>\n<h1>About<\/h1>\n<p><strong>It is a child theme of Pure_default : download <\/strong><strong>Pure_default<\/strong><strong> first !<\/strong><\/p>\n<p>The theme Pure_* distinguishes itself by their very worked borders.<\/p>\n<p>So the menu of Pure_freaky inherits of rounded corners  giving an aspect of bubble.<\/p>\n<p>The main blocks of contents have a gold frame and for the menu blue frames.<\/p>\n<p>It&#8217;s originally a concept from myself.<\/p>\n<p>It manages any sizes of thumbnails and even multi-size.<\/p>\n<p>[demo_bouton nom_id=&#8221;Pure_freaky&#8221;]<\/p>\n<p><strong>It is a child theme of Pure_default : download <\/strong><strong>Pure<\/strong><strong>_default first !<\/strong><\/p>\n<p>[use forum]<\/p>\n<p>[\/en]<br \/>\n<div id='gallery-1' class='gallery galleryid-1496 gallery-columns-3 gallery-size-thumbnail'><figure class='gallery-item'>\n\t\t\t<div class='gallery-icon landscape'>\n\t\t\t\t<a href='https:\/\/www.planete-flop.fr\/blog\/wp-content\/uploads\/2011\/12\/www.planete-flop.fr-2011-12-13-18h-32m-37s.jpeg'><img loading=\"lazy\" decoding=\"async\" width=\"150\" height=\"150\" src=\"https:\/\/www.planete-flop.fr\/blog\/wp-content\/uploads\/2011\/12\/www.planete-flop.fr-2011-12-13-18h-32m-37s-150x150.jpg\" class=\"attachment-thumbnail size-thumbnail\" alt=\"\" srcset=\"https:\/\/www.planete-flop.fr\/blog\/wp-content\/uploads\/2011\/12\/www.planete-flop.fr-2011-12-13-18h-32m-37s-150x150.jpg 150w, https:\/\/www.planete-flop.fr\/blog\/wp-content\/uploads\/2011\/12\/www.planete-flop.fr-2011-12-13-18h-32m-37s-36x36.jpg 36w, https:\/\/www.planete-flop.fr\/blog\/wp-content\/uploads\/2011\/12\/www.planete-flop.fr-2011-12-13-18h-32m-37s-115x115.jpg 115w\" sizes=\"auto, (max-width: 150px) 100vw, 150px\" \/><\/a>\n\t\t\t<\/div><\/figure><figure class='gallery-item'>\n\t\t\t<div class='gallery-icon landscape'>\n\t\t\t\t<a href='https:\/\/www.planete-flop.fr\/blog\/wp-content\/uploads\/2011\/12\/13-12-2011-18-34-14.jpg'><img loading=\"lazy\" decoding=\"async\" width=\"150\" height=\"150\" src=\"https:\/\/www.planete-flop.fr\/blog\/wp-content\/uploads\/2011\/12\/13-12-2011-18-34-14-150x150.jpg\" class=\"attachment-thumbnail size-thumbnail\" alt=\"\" srcset=\"https:\/\/www.planete-flop.fr\/blog\/wp-content\/uploads\/2011\/12\/13-12-2011-18-34-14-150x150.jpg 150w, https:\/\/www.planete-flop.fr\/blog\/wp-content\/uploads\/2011\/12\/13-12-2011-18-34-14-36x36.jpg 36w, https:\/\/www.planete-flop.fr\/blog\/wp-content\/uploads\/2011\/12\/13-12-2011-18-34-14-115x115.jpg 115w\" sizes=\"auto, (max-width: 150px) 100vw, 150px\" \/><\/a>\n\t\t\t<\/div><\/figure><figure class='gallery-item'>\n\t\t\t<div class='gallery-icon landscape'>\n\t\t\t\t<a href='https:\/\/www.planete-flop.fr\/blog\/wp-content\/uploads\/2011\/12\/13-12-2011-18-33-34.jpg'><img loading=\"lazy\" decoding=\"async\" width=\"150\" height=\"150\" src=\"https:\/\/www.planete-flop.fr\/blog\/wp-content\/uploads\/2011\/12\/13-12-2011-18-33-34-150x150.jpg\" class=\"attachment-thumbnail size-thumbnail\" alt=\"\" srcset=\"https:\/\/www.planete-flop.fr\/blog\/wp-content\/uploads\/2011\/12\/13-12-2011-18-33-34-150x150.jpg 150w, https:\/\/www.planete-flop.fr\/blog\/wp-content\/uploads\/2011\/12\/13-12-2011-18-33-34-36x36.jpg 36w, https:\/\/www.planete-flop.fr\/blog\/wp-content\/uploads\/2011\/12\/13-12-2011-18-33-34-115x115.jpg 115w\" sizes=\"auto, (max-width: 150px) 100vw, 150px\" \/><\/a>\n\t\t\t<\/div><\/figure>\n\t\t<\/div>\n<\/p>\n<div id=\"_mcePaste\" class=\"mcePaste\" style=\"position: absolute; left: -10000px; top: 684px; width: 1px; height: 1px; overflow: hidden;\">Pure_clear_blue<\/div>\n","protected":false},"excerpt":{"rendered":"<p>[fr] Description Ce th\u00e8me est un th\u00e8me enfant de Pure_default. Les th\u00e8mes Pure_* se distinguent par leurs bordures tr\u00e8s travaill\u00e9es. Ainsi le menu de Pure_freaky h\u00e9rite d&#8217;un design tout en rondeur : des coins arrondis, donnant un aspect de bulle. Les blocs de contenu principaux sont comme encadr\u00e9 d&#8217;or, et les menus ont un cadre [&hellip;]<\/p>\n","protected":false},"author":1,"featured_media":1500,"parent":0,"menu_order":0,"comment_status":"open","ping_status":"open","template":"pagetpl-piwigo.php","meta":{"_s2mail":"","footnotes":""},"class_list":["post-1496","page","type-page","status-publish","has-post-thumbnail","hentry"],"_links":{"self":[{"href":"https:\/\/www.planete-flop.fr\/blog\/wp-json\/wp\/v2\/pages\/1496","targetHints":{"allow":["GET"]}}],"collection":[{"href":"https:\/\/www.planete-flop.fr\/blog\/wp-json\/wp\/v2\/pages"}],"about":[{"href":"https:\/\/www.planete-flop.fr\/blog\/wp-json\/wp\/v2\/types\/page"}],"author":[{"embeddable":true,"href":"https:\/\/www.planete-flop.fr\/blog\/wp-json\/wp\/v2\/users\/1"}],"replies":[{"embeddable":true,"href":"https:\/\/www.planete-flop.fr\/blog\/wp-json\/wp\/v2\/comments?post=1496"}],"version-history":[{"count":0,"href":"https:\/\/www.planete-flop.fr\/blog\/wp-json\/wp\/v2\/pages\/1496\/revisions"}],"wp:featuredmedia":[{"embeddable":true,"href":"https:\/\/www.planete-flop.fr\/blog\/wp-json\/wp\/v2\/media\/1500"}],"wp:attachment":[{"href":"https:\/\/www.planete-flop.fr\/blog\/wp-json\/wp\/v2\/media?parent=1496"}],"curies":[{"name":"wp","href":"https:\/\/api.w.org\/{rel}","templated":true}]}}