{"id":1400,"date":"2011-11-30T18:26:07","date_gmt":"2011-11-30T17:26:07","guid":{"rendered":"http:\/\/www.planete-flop.fr\/blog\/?page_id=1400"},"modified":"2011-12-22T15:51:17","modified_gmt":"2011-12-22T14:51:17","slug":"theme-pour-piwigo-os_glass_clear","status":"publish","type":"page","link":"https:\/\/www.planete-flop.fr\/blog\/theme-pour-piwigo-os_glass_clear\/","title":{"rendered":"Th\u00e8me pour Piwigo : OS_glass_clear"},"content":{"rendered":"<p>[fr]<\/p>\n<h1>Description<\/h1>\n<p><strong>Ce th\u00e8me est un th\u00e8me enfant de OS_default<\/strong>.<\/p>\n<p>OS_glass_clear est un th\u00e8me dont le menu &#8220;Menu&#8221; est horizontal avec des ic\u00f4nes illustratives, tandis que le menu principale reste vertical avec un fond semi transparent ! Les blocs du menu sont r\u00e9tractables (accord\u00e9on) et leur \u00e9tat est sauvegard\u00e9 durant la navigation.<\/p>\n<p>Les blocs du contenu principal sont semi transparents. L&#8217;ensemble donne un th\u00e8me inspir\u00e9 par les OS modernes avec d\u00e9grad\u00e9s noirs ou blanc-neige glossy. Il y a plus de bleu clair et de transparence qu&#8217;OS_glass.<\/p>\n<p>Les miniatures ont une taille fixe, du fait qu&#8217;il y ait un bloc de verre comme arri\u00e8re plan.<br \/>\n[demo_bouton nom_id=&#8221;OS_glass_clear&#8221;]<\/p>\n<p><strong>Rappel : il n\u00e9cessite OS_default !<\/strong><\/p>\n<p>[utilisez forum]<\/p>\n<p><strong> <\/strong><\/p>\n<p><strong> <\/strong>[\/fr]<\/p>\n<p>[en]<\/p>\n<h1>About<\/h1>\n<p><strong>OS_glass is a child theme of OS_default : download OS_default first !<\/strong><\/p>\n<p>OS_glass_clear has 2 menus :<\/p>\n<ul>\n<li>a horizontal menu containing the bloc menu &#8220;Menu&#8221; with icons, an home icon and the search field.<\/li>\n<li>the &#8220;classic&#8221; vertical menu : each bloc is expendable\/minimizable and their status is remembered during the navigation.<\/li>\n<\/ul>\n<p>The content blocs are transparent. The design is like an OS with white-snowy or black gradients. More clear blue and more transparency than OS_glass.<\/p>\n<p>It has a fixed size of thumbnails because they have a &#8220;glass&#8221; as background.<\/p>\n<p>[demo_bouton nom_id=&#8221;OS_glass_clear&#8221;]<br \/>\n<strong>OS_glass_clear is a child theme of OS_default : download OS_default first !<\/strong><\/p>\n<p>[use forum]<\/p>\n<p><strong> <\/strong>[\/en]<br \/>\n<div id='gallery-1' class='gallery galleryid-1400 gallery-columns-3 gallery-size-thumbnail'><figure class='gallery-item'>\n\t\t\t<div class='gallery-icon portrait'>\n\t\t\t\t<a href='https:\/\/www.planete-flop.fr\/blog\/wp-content\/uploads\/2011\/11\/www.planete-flop.fr-2011-11-30-18h-25m-29s.jpeg'><img loading=\"lazy\" decoding=\"async\" width=\"150\" height=\"150\" src=\"https:\/\/www.planete-flop.fr\/blog\/wp-content\/uploads\/2011\/11\/www.planete-flop.fr-2011-11-30-18h-25m-29s-150x150.jpg\" class=\"attachment-thumbnail size-thumbnail\" alt=\"\" srcset=\"https:\/\/www.planete-flop.fr\/blog\/wp-content\/uploads\/2011\/11\/www.planete-flop.fr-2011-11-30-18h-25m-29s-150x150.jpg 150w, https:\/\/www.planete-flop.fr\/blog\/wp-content\/uploads\/2011\/11\/www.planete-flop.fr-2011-11-30-18h-25m-29s-36x36.jpg 36w, https:\/\/www.planete-flop.fr\/blog\/wp-content\/uploads\/2011\/11\/www.planete-flop.fr-2011-11-30-18h-25m-29s-115x115.jpg 115w\" sizes=\"auto, (max-width: 150px) 100vw, 150px\" \/><\/a>\n\t\t\t<\/div><\/figure><figure class='gallery-item'>\n\t\t\t<div class='gallery-icon portrait'>\n\t\t\t\t<a href='https:\/\/www.planete-flop.fr\/blog\/wp-content\/uploads\/2011\/11\/www.planete-flop.fr-2011-11-30-18h-24m-21s.jpeg'><img loading=\"lazy\" decoding=\"async\" width=\"150\" height=\"150\" src=\"https:\/\/www.planete-flop.fr\/blog\/wp-content\/uploads\/2011\/11\/www.planete-flop.fr-2011-11-30-18h-24m-21s-150x150.jpg\" class=\"attachment-thumbnail size-thumbnail\" alt=\"\" srcset=\"https:\/\/www.planete-flop.fr\/blog\/wp-content\/uploads\/2011\/11\/www.planete-flop.fr-2011-11-30-18h-24m-21s-150x150.jpg 150w, https:\/\/www.planete-flop.fr\/blog\/wp-content\/uploads\/2011\/11\/www.planete-flop.fr-2011-11-30-18h-24m-21s-36x36.jpg 36w, https:\/\/www.planete-flop.fr\/blog\/wp-content\/uploads\/2011\/11\/www.planete-flop.fr-2011-11-30-18h-24m-21s-115x115.jpg 115w\" sizes=\"auto, (max-width: 150px) 100vw, 150px\" \/><\/a>\n\t\t\t<\/div><\/figure><figure class='gallery-item'>\n\t\t\t<div class='gallery-icon landscape'>\n\t\t\t\t<a href='https:\/\/www.planete-flop.fr\/blog\/wp-content\/uploads\/2011\/11\/www.planete-flop.fr-2011-11-30-18h-21m-02s.jpeg'><img loading=\"lazy\" decoding=\"async\" width=\"150\" height=\"150\" src=\"https:\/\/www.planete-flop.fr\/blog\/wp-content\/uploads\/2011\/11\/www.planete-flop.fr-2011-11-30-18h-21m-02s-150x150.jpg\" class=\"attachment-thumbnail size-thumbnail\" alt=\"\" srcset=\"https:\/\/www.planete-flop.fr\/blog\/wp-content\/uploads\/2011\/11\/www.planete-flop.fr-2011-11-30-18h-21m-02s-150x150.jpg 150w, https:\/\/www.planete-flop.fr\/blog\/wp-content\/uploads\/2011\/11\/www.planete-flop.fr-2011-11-30-18h-21m-02s-36x36.jpg 36w, https:\/\/www.planete-flop.fr\/blog\/wp-content\/uploads\/2011\/11\/www.planete-flop.fr-2011-11-30-18h-21m-02s-115x115.jpg 115w\" sizes=\"auto, (max-width: 150px) 100vw, 150px\" \/><\/a>\n\t\t\t<\/div><\/figure><figure class='gallery-item'>\n\t\t\t<div class='gallery-icon landscape'>\n\t\t\t\t<a href='https:\/\/www.planete-flop.fr\/blog\/wp-content\/uploads\/2011\/11\/screenshot1.png'><img loading=\"lazy\" decoding=\"async\" width=\"150\" height=\"150\" src=\"https:\/\/www.planete-flop.fr\/blog\/wp-content\/uploads\/2011\/11\/screenshot1-150x150.png\" class=\"attachment-thumbnail size-thumbnail\" alt=\"\" srcset=\"https:\/\/www.planete-flop.fr\/blog\/wp-content\/uploads\/2011\/11\/screenshot1-150x150.png 150w, https:\/\/www.planete-flop.fr\/blog\/wp-content\/uploads\/2011\/11\/screenshot1-36x36.png 36w, https:\/\/www.planete-flop.fr\/blog\/wp-content\/uploads\/2011\/11\/screenshot1-115x115.png 115w\" sizes=\"auto, (max-width: 150px) 100vw, 150px\" \/><\/a>\n\t\t\t<\/div><\/figure><figure class='gallery-item'>\n\t\t\t<div class='gallery-icon landscape'>\n\t\t\t\t<a href='https:\/\/www.planete-flop.fr\/blog\/wp-content\/uploads\/2011\/11\/30-11-2011-18-23-22.jpg'><img loading=\"lazy\" decoding=\"async\" width=\"150\" height=\"150\" src=\"https:\/\/www.planete-flop.fr\/blog\/wp-content\/uploads\/2011\/11\/30-11-2011-18-23-22-150x150.jpg\" class=\"attachment-thumbnail size-thumbnail\" alt=\"\" srcset=\"https:\/\/www.planete-flop.fr\/blog\/wp-content\/uploads\/2011\/11\/30-11-2011-18-23-22-150x150.jpg 150w, https:\/\/www.planete-flop.fr\/blog\/wp-content\/uploads\/2011\/11\/30-11-2011-18-23-22-36x36.jpg 36w, https:\/\/www.planete-flop.fr\/blog\/wp-content\/uploads\/2011\/11\/30-11-2011-18-23-22-115x115.jpg 115w\" sizes=\"auto, (max-width: 150px) 100vw, 150px\" \/><\/a>\n\t\t\t<\/div><\/figure>\n\t\t<\/div>\n<\/p>\n","protected":false},"excerpt":{"rendered":"<p>[fr] Description Ce th\u00e8me est un th\u00e8me enfant de OS_default. OS_glass_clear est un th\u00e8me dont le menu &#8220;Menu&#8221; est horizontal avec des ic\u00f4nes illustratives, tandis que le menu principale reste vertical avec un fond semi transparent ! Les blocs du menu sont r\u00e9tractables (accord\u00e9on) et leur \u00e9tat est sauvegard\u00e9 durant la navigation. Les blocs du [&hellip;]<\/p>\n","protected":false},"author":1,"featured_media":0,"parent":0,"menu_order":0,"comment_status":"open","ping_status":"open","template":"pagetpl-piwigo.php","meta":{"_s2mail":"","footnotes":""},"class_list":["post-1400","page","type-page","status-publish","hentry"],"_links":{"self":[{"href":"https:\/\/www.planete-flop.fr\/blog\/wp-json\/wp\/v2\/pages\/1400","targetHints":{"allow":["GET"]}}],"collection":[{"href":"https:\/\/www.planete-flop.fr\/blog\/wp-json\/wp\/v2\/pages"}],"about":[{"href":"https:\/\/www.planete-flop.fr\/blog\/wp-json\/wp\/v2\/types\/page"}],"author":[{"embeddable":true,"href":"https:\/\/www.planete-flop.fr\/blog\/wp-json\/wp\/v2\/users\/1"}],"replies":[{"embeddable":true,"href":"https:\/\/www.planete-flop.fr\/blog\/wp-json\/wp\/v2\/comments?post=1400"}],"version-history":[{"count":0,"href":"https:\/\/www.planete-flop.fr\/blog\/wp-json\/wp\/v2\/pages\/1400\/revisions"}],"wp:attachment":[{"href":"https:\/\/www.planete-flop.fr\/blog\/wp-json\/wp\/v2\/media?parent=1400"}],"curies":[{"name":"wp","href":"https:\/\/api.w.org\/{rel}","templated":true}]}}