{"id":1440,"date":"2011-12-08T16:42:57","date_gmt":"2011-12-08T15:42:57","guid":{"rendered":"http:\/\/www.planete-flop.fr\/blog\/?page_id=1440"},"modified":"2011-12-22T15:59:39","modified_gmt":"2011-12-22T14:59:39","slug":"theme-pour-piwigo-os_glass_dark_2","status":"publish","type":"page","link":"http:\/\/www.planete-flop.fr\/blog\/theme-pour-piwigo-os_glass_dark_2\/","title":{"rendered":"Th\u00e8me pour Piwigo : OS_glass_dark_2"},"content":{"rendered":"<p>[fr]<\/p>\n<h1>Description<\/h1>\n<p><strong>Ce th\u00e8me est un th\u00e8me enfant de OS_default<\/strong>.<\/p>\n<p>OS_glass_dark_2 est un th\u00e8me dont le menu &#8220;Menu&#8221; est horizontal avec des ic\u00f4nes illustratives, tandis que le menu principale reste vertical avec un fond semi transparent ! Les blocs du menu sont r\u00e9tractables (accord\u00e9on) et leur \u00e9tat est sauvegard\u00e9 durant la navigation.<\/p>\n<p>La banni\u00e8re a un design tr\u00e8s graphique travaill\u00e9.<\/p>\n<p>Les blocs du contenu principal sont transparents et leur titre s&#8217;affiche comme un &#8220;dock&#8221;. L&#8217;ensemble donne un th\u00e8me inspir\u00e9 par les OS modernes avec d\u00e9grad\u00e9s noirs  glossy.<\/p>\n<p>Les miniatures ont une taille fixe, du fait qu&#8217;il y ait un bloc de verre comme arri\u00e8re plan.<br \/>\n<strong> <\/strong><br \/>\n[demo_bouton nom_id=&#8221;OS_glass_dark_2&#8243;]<\/p>\n<p><strong>Rappel : il n\u00e9cessite OS_default !<\/strong><\/p>\n<p>[utilisez forum]<\/p>\n<p><strong> <\/strong>[\/fr]<\/p>\n<p>[en]<\/p>\n<h1>About<\/h1>\n<p><strong>OS_glass_dark-2 is a child theme of OS_default : download OS_default first !<\/strong><\/p>\n<p>OS_glass_dark_2 has 2 menus :<\/p>\n<ul>\n<li>a horizontal menu containing the bloc menu &#8220;Menu&#8221; with icons, an home icon and the search field.<\/li>\n<li>the &#8220;classic&#8221; vertical menu : each bloc is expendable\/minimizable and their status is remembered during the navigation.<\/li>\n<\/ul>\n<p>The content blocs are transparent. The design is like an OS with black glossy gradients.<\/p>\n<p>It has a fixed size of thumbnails because they have a &#8220;glass&#8221; as background.<\/p>\n<p>&nbsp;<\/p>\n<p>[demo_bouton nom_id=&#8221;OS_glass_dark_2&#8243;]<br \/>\n<strong>It is a child theme of OS_default : download OS_default first !<\/strong><\/p>\n<p>[use forum]<\/p>\n<p><strong> <\/strong>[\/en]<br \/>\n<div id='gallery-1' class='gallery galleryid-1440 gallery-columns-3 gallery-size-thumbnail'><figure class='gallery-item'>\n\t\t\t<div class='gallery-icon landscape'>\n\t\t\t\t<a href='http:\/\/www.planete-flop.fr\/blog\/wp-content\/uploads\/2011\/12\/www.planete-flop.fr-2011-12-08-16h-38m-39s1.jpeg'><img loading=\"lazy\" decoding=\"async\" width=\"150\" height=\"150\" src=\"http:\/\/www.planete-flop.fr\/blog\/wp-content\/uploads\/2011\/12\/www.planete-flop.fr-2011-12-08-16h-38m-39s1-150x150.jpg\" class=\"attachment-thumbnail size-thumbnail\" alt=\"\" srcset=\"http:\/\/www.planete-flop.fr\/blog\/wp-content\/uploads\/2011\/12\/www.planete-flop.fr-2011-12-08-16h-38m-39s1-150x150.jpg 150w, http:\/\/www.planete-flop.fr\/blog\/wp-content\/uploads\/2011\/12\/www.planete-flop.fr-2011-12-08-16h-38m-39s1-36x36.jpg 36w, http:\/\/www.planete-flop.fr\/blog\/wp-content\/uploads\/2011\/12\/www.planete-flop.fr-2011-12-08-16h-38m-39s1-115x115.jpg 115w\" sizes=\"auto, (max-width: 150px) 100vw, 150px\" \/><\/a>\n\t\t\t<\/div><\/figure><figure class='gallery-item'>\n\t\t\t<div class='gallery-icon landscape'>\n\t\t\t\t<a href='http:\/\/www.planete-flop.fr\/blog\/wp-content\/uploads\/2011\/12\/08-12-2011-16-39-381.jpg'><img loading=\"lazy\" decoding=\"async\" width=\"150\" height=\"150\" src=\"http:\/\/www.planete-flop.fr\/blog\/wp-content\/uploads\/2011\/12\/08-12-2011-16-39-381-150x150.jpg\" class=\"attachment-thumbnail size-thumbnail\" alt=\"\" srcset=\"http:\/\/www.planete-flop.fr\/blog\/wp-content\/uploads\/2011\/12\/08-12-2011-16-39-381-150x150.jpg 150w, http:\/\/www.planete-flop.fr\/blog\/wp-content\/uploads\/2011\/12\/08-12-2011-16-39-381-36x36.jpg 36w, http:\/\/www.planete-flop.fr\/blog\/wp-content\/uploads\/2011\/12\/08-12-2011-16-39-381-115x115.jpg 115w\" sizes=\"auto, (max-width: 150px) 100vw, 150px\" \/><\/a>\n\t\t\t<\/div><\/figure><figure class='gallery-item'>\n\t\t\t<div class='gallery-icon landscape'>\n\t\t\t\t<a href='http:\/\/www.planete-flop.fr\/blog\/wp-content\/uploads\/2011\/12\/08-12-2011-16-39-001.jpg'><img loading=\"lazy\" decoding=\"async\" width=\"150\" height=\"150\" src=\"http:\/\/www.planete-flop.fr\/blog\/wp-content\/uploads\/2011\/12\/08-12-2011-16-39-001-150x150.jpg\" class=\"attachment-thumbnail size-thumbnail\" alt=\"\" srcset=\"http:\/\/www.planete-flop.fr\/blog\/wp-content\/uploads\/2011\/12\/08-12-2011-16-39-001-150x150.jpg 150w, http:\/\/www.planete-flop.fr\/blog\/wp-content\/uploads\/2011\/12\/08-12-2011-16-39-001-36x36.jpg 36w, http:\/\/www.planete-flop.fr\/blog\/wp-content\/uploads\/2011\/12\/08-12-2011-16-39-001-115x115.jpg 115w\" sizes=\"auto, (max-width: 150px) 100vw, 150px\" \/><\/a>\n\t\t\t<\/div><\/figure>\n\t\t<\/div>\n<\/p>\n","protected":false},"excerpt":{"rendered":"<p>[fr] Description Ce th\u00e8me est un th\u00e8me enfant de OS_default. OS_glass_dark_2 est un th\u00e8me dont le menu &#8220;Menu&#8221; est horizontal avec des ic\u00f4nes illustratives, tandis que le menu principale reste vertical avec un fond semi transparent ! Les blocs du menu sont r\u00e9tractables (accord\u00e9on) et leur \u00e9tat est sauvegard\u00e9 durant la navigation. La banni\u00e8re a [&hellip;]<\/p>\n","protected":false},"author":1,"featured_media":1446,"parent":0,"menu_order":0,"comment_status":"open","ping_status":"open","template":"pagetpl-piwigo.php","meta":{"_s2mail":"","footnotes":""},"class_list":["post-1440","page","type-page","status-publish","has-post-thumbnail","hentry"],"_links":{"self":[{"href":"http:\/\/www.planete-flop.fr\/blog\/wp-json\/wp\/v2\/pages\/1440","targetHints":{"allow":["GET"]}}],"collection":[{"href":"http:\/\/www.planete-flop.fr\/blog\/wp-json\/wp\/v2\/pages"}],"about":[{"href":"http:\/\/www.planete-flop.fr\/blog\/wp-json\/wp\/v2\/types\/page"}],"author":[{"embeddable":true,"href":"http:\/\/www.planete-flop.fr\/blog\/wp-json\/wp\/v2\/users\/1"}],"replies":[{"embeddable":true,"href":"http:\/\/www.planete-flop.fr\/blog\/wp-json\/wp\/v2\/comments?post=1440"}],"version-history":[{"count":0,"href":"http:\/\/www.planete-flop.fr\/blog\/wp-json\/wp\/v2\/pages\/1440\/revisions"}],"wp:featuredmedia":[{"embeddable":true,"href":"http:\/\/www.planete-flop.fr\/blog\/wp-json\/wp\/v2\/media\/1446"}],"wp:attachment":[{"href":"http:\/\/www.planete-flop.fr\/blog\/wp-json\/wp\/v2\/media?parent=1440"}],"curies":[{"name":"wp","href":"https:\/\/api.w.org\/{rel}","templated":true}]}}